j**2 - 1/6*j**3 - j + 0. Determine r(3).
-2
Suppose 26 = 4*c + 3*d, -3*c - 5*d + 2 + 23 = 0. Suppose 2*j + 4*f = 14, c*j - 2 = 5*f - 12. Let r(l) = 4 - l - j + 0*l. What is r(5)?
-2
Suppose 5*p + 4 + 8 = q, 5*q = -3*p - 24. Let g(l) = 4*l. Let h(r) = 7*r + 1. Let s(u) = p*h(u) + 5*g(u). Let c = -1 + 4. Give s(c).
-6
Let p(o) = -4 - 9*o + 1 - 5*o. Determine p(-2).
25
Let j(r) = 6*r + 1. Let b(s) = 1. Let x(y) = 2*b(y) - j(y). What is x(3)?
-17
Let q = 20 - 14. Let k(a) = -2*a**2 - 5*a**3 + q*a**3 - 2*a - a + 3 - a**2. Give k(3).
-6
Let c(m) = -4*m**3 + 2*m**2 - 13*m + 6. Let q(t) = 5*t**3 - 3*t**2 + 14*t - 6. Let y(j) = -6*c(j) - 5*q(j). What is y(5)?
-16
Suppose -8*y - 9 = -11*y. Let o(u) = -u + 4. Give o(y).
1
Let z(d) = d + 3. Let q(c) = c - 2. Let x(h) = 5*q(h) + 3*z(h). Let a be 1*(-1 - (-2)/1). What is x(a)?
7
Let i(m) = m + 4. Suppose 2*b - p = 7, 0*b + 5*p = -3*b + 4. Determine i(b).
7
Let o(d) = d**2 + d + 6. Let n be o(0). Let l(c) be the second derivative of c**3/6 - 51*c. Determine l(n).
6
Let v(x) = -x**2 - 8*x + 3. Let l be v(-9). Let s(m) = -m**3 + 1. Let d be s(0). Let h(y) = -2 - 3 - d - y. Give h(l).
0
Let u = 24 - 25. Let g(o) = -18*o**3 - 1. Determine g(u).
17
Let u(c) = -2*c - 315*c**2 + 1 + 308*c**2 + 0 + c**3. Determine u(7).
-13
Let r(p) = -3*p**2 + 5*p + 9. Let w(t) = 2*t**2 - 4*t - 8. Let c(u) = -3*r(u) - 4*w(u). Calculate c(-4).
17
Let i(j) be the first derivative of j**2/2 + 18*j - 29. What is i(-14)?
4
Suppose 5*r = -14 + 39. Let g(k) be the third derivative of -k**6/120 + k**5/15 + k**4/4 - 2*k**3/3 - 13*k**2. Give g(r).
1
Let h(c) = c**3 - 7*c**2 - 7. Suppose 7 = -4*o + 5*o. Determine h(o).
-7
Let f(r) be the first derivative of -1/12*r**4 + 3*r - 5/2*r**2 - 2/3*r**3 + 1. Let m(x) be the first derivative of f(x). Give m(-4).
-5
Let s(n) = 2 + n**3 + 1 - 2 + 3 - 2*n**2 - 5*n. Give s(4).
16
Let i(k) = k**2 + k - 1. Let y(z) = -4*z**2 - 8*z + 6. Let m(a) = 3*i(a) + y(a). Determine m(-3).
9
Let d(o) = 3*o - 1. Let m(q) = 4*q - 1. Let f(s) = 7*d(s) - 5*m(s). Calculate f(6).
4
Suppose 5*s = g + 13, -1 = -5*g + 3*s - 0. Let y(q) be the third derivative of q**6/60 - q**5/30 - q**3/3 + 4*q**2. Determine y(g).
6
Let m(j) = -j**3. Let l(w) = -w**3 + w - 1. Let x(a) = l(a) + m(a). Determine x(1).
-2
Let t(d) = d**2 - 5*d + 5. Let y be t(2). Let f(l) = -3*l + 7. Let g(z) = -z + 1. Let r(h) = f(h) - 6*g(h). Calculate r(y).
-2
Let f(p) be the second derivative of 2*p**2 - 1/6*p**3 + 0 + 2*p. Suppose -4 - 2 = -2*m. Calculate f(m).
1
Suppose -5*a - 7 + 2 = 0. Let l(g) be the first derivative of 2*g**4 + g**3/3 + g**2/2 + 13. What is l(a)?
-8
Let t(w) = 10*w + 1. Let b = 8 + -5. Suppose 2*p - 1 = b. Let a = p + -3. What is t(a)?
-9
Let a(k) = 2*k - 4. Suppose 0*w = 4*i - 4*w + 24, -5*i = 5*w. Determine a(i).
-10
Let r = 12 - 8. Suppose -9 + r = -5*t. Let o(f) = -9*f**3 - 2*f**2 + f. Calculate o(t).
-10
Let h(u) = -u**2 - u - 3. Suppose 2*q = 6*q - 4*x, q = -x - 10. Give h(q).
-23
Let t(i) = -i**3 - 3*i**2 + 6*i + 5. Let j = 48 - 52. Calculate t(j).
-3
Let c(j) = -j**3 + 4*j**2 + 4. Let w(f) = -5*f**3 + 16*f**2 + 17. Let o(z) = -9*c(z) + 2*w(z). Let g(p) = -p + 0*p - 3 - 1. Let q be g(0). What is o(q)?
-2
Let i(f) be the second derivative of -f**5/20 - f**4/3 + f**2/2 - f - 48. Calculate i(-4).
1
Let m(b) = 0 + 71*b**2 + 2*b - b**3 - 63*b**2 - 8. Determine m(8).
8
Let j(q) = 7*q**3 + 2*q**2 + 6*q + 6. Let n(a) = 13*a**3 + 3*a**2 + 11*a + 11. Let u(b) = -11*j(b) + 6*n(b). Suppose o + o = 8. Calculate u(o).
0
Let h(t) be the second derivative of t**5/20 - t**4/3 - t**3 - 3*t**2 - t + 4. Determine h(5).
-11
Let s(p) = -p + 7. Let g be s(5). Let n be (9/3 - g)*0. Let c(v) = 1 + 0*v**2 + n*v + v**2 - 2*v. What is c(3)?
4
Let a(l) be the third derivative of l**6/120 + l**5/12 - 5*l**4/24 + l**3/3 + 3*l**2. Determine a(-6).
-4
Let r(k) = -k**3 - 3*k**2 + 5*k. Suppose 4*b - 3*h - 16 = 0, 0 = -3*h - 2 - 10. Let f be 3/b + -2 - -3. Suppose 0 = 5*z - f + 24. Calculate r(z).
-4
Let y = 18 + -16. Let p(l) = 0*l**2 - 3*l**2 - y - l**2. What is p(2)?
-18
Let x(s) = s + 12. Let l be (-78)/12 - (-3)/6. Give x(l).
6
Let t(r) = -r + 2. Suppose c = -3*u - 56, 2*c - 23 = u - 2*c. Let v = -24 - u. Give t(v).
7
Let q be ((-9)/(-18))/(1/24). Suppose q = 3*k + k. Let i(v) = -k - v - v - 3*v + 2*v. Give i(-2).
3
Let j(l) = 2*l**2 - 12*l - 10. Let r(o) = -3*o**2 + 13*o + 10. Let g(q) = 4*j(q) + 3*r(q). Give g(-8).
-2
Let o = -1 + 12. Let z be (-2)/(-9) + o/(-9). Let s(f) = 0*f + 2*f + 0*f. What is s(z)?
-2
Let v(r) = -7*r**2 - r - 1. Let l(w) = w + 8. Let o be l(-8). Suppose -2*m = f, -5*m = -o*m + f - 6. Suppose t - 1 = -m. What is v(t)?
-7
Let i(c) = -3*c**3 + 4*c**2 - 5*c + 11. Let q(v) = v**3 - 2*v**2 + 2*v - 5. Let t(l) = -3*i(l) - 7*q(l). What is t(-2)?
-8
Let i be (-3 - -2)*1*-3. Let w(d) = -7*d**3 - d**2 + 3. Let k(n) = -4*n**3 + 1. Let h(g) = i*w(g) - 5*k(g). What is h(-3)?
4
Let t(v) = -v + 1. Let s(k) = 4*k + 3. Let l(f) = s(f) + 2*t(f). Let u be (-3)/3*1*5. Determine l(u).
-5
Let f(j) = j. Let m be 2 + -2 + 1 + 4. Determine f(m).
5
Let f(n) = -4*n + 2 + 10*n - 7*n. What is f(0)?
2
Let r(p) = -3*p - 47. Let n be r(-15). Let t(k) = 3*k**2 - k - 1. What is t(n)?
13
Let j = 33 + -28. Let k(v) be the third derivative of v**4/24 - v**3 - v**2. Determine k(j).
-1
Let f(g) be the second derivative of g**7/840 - g**6/360 - g**5/120 - g**4/4 + g**3/3 - 3*g. Let m(w) be the second derivative of f(w). What is m(0)?
-6
Let f(z) be the third derivative of z**8/10080 + z**7/1680 + z**6/240 + 3*z**5/20 + 6*z**2. Let q(k) be the third derivative of f(k). Determine q(-2).
5
Suppose 14 = -7*j - 0. Let a(y) = -y**3 - 3*y**2 - y + 1. Give a(j).
-1
Let j(c) = 8*c + 7 - 6 + 2*c**2 + 8 - c**2. What is j(-6)?
-3
Let f be 6 - (-3)/(-6)*6. Let u be 46/f + 18/27. Suppose -2 = -2*w - k, -5*w - k + u = -4*k. Let l(j) = j**3 + j**2 - 2*j + 3. Determine l(w).
11
Suppose 2*g - 6 = -0. Let d be (-3 - -2)*g*-1. Let v(t) = 2*t**3 + d + 4*t - 3*t**3 + 2*t**2 + t**2. Calculate v(4).
3
Suppose -2*l = -g, -4*g = 3*l - 6*g + 2. Let c(r) = -r - 8. Let w(x) = 6*x + 40. Let k(n) = l*w(n) + 11*c(n). Calculate k(5).
-3
Let l be -12*(-4 - (-28)/8). Let g(o) = -o**3 + 6*o**2 + 7. Calculate g(l).
7
Let q(j) be the second derivative of -j**3/3 + 3*j**2 - 7*j. Let c be q(3). Let g(y) = -y - 4. What is g(c)?
-4
Suppose -4*r = -18 + 6. Let b(v) = v**2 - 2*v + 1. Give b(r).
4
Let i(t) = 20*t**2 - 26*t - 6. Let w(o) = -7*o**2 + 9*o + 2. Let d(a) = -6*i(a) - 17*w(a). Let f = 80 + -75. Calculate d(f).
-8
Let c = 25 - 19. Let q(t) = -t + 7. Give q(c).
1
Let b(j) = 9*j - 1. Let m(f) = 14*f - 1. Let h(o) = -7*b(o) + 5*m(o). Let i(d) = 21*d + 6. Let g(x) = 8*h(x) - 3*i(x). Let p = 26 - 28. Give g(p).
12
Let s(v) be the second derivative of -v**5/10 + v**4/12 + v. Suppose -2*b = 2*r, 0*r - 4 = 3*b - r. Calculate s(b).
3
Suppose -4*h = 2*h + 12. Let k(s) be the third derivative of s**5/30 + s**4/12 + s**3/2 + s**2. What is k(h)?
7
Let m(w) = w**2 - 2*w - 1. Let d(c) = -c**2 + c + 1. Let g(z) = 2*d(z) + 3*m(z). Suppose p = -3 + 5. Give g(p).
-5
Let n(j) = 4*j + 1. Let p = 32 - 36. Give n(p).
-15
Let x(y) = y**2 + 2*y. Let w(u) = u**2 + 9*u - 4. Let h be w(-9). Give x(h).
8
Let p(g) = -4*g**3 + 1. Suppose 0 = -3*c + 7*c + 4. Let u be p(c). Let i(l) be the third derivative of -l**5/60 + l**4/4 - l**3/6 + l**2. What is i(u)?
4
Let p = 2 - 4. Let a be p/(5/((-30)/4)). Let b(d) = 3*d**3 + 6*d**2 - 8*d - 1. Let l(z) = -2*z**3 - 6*z**2 + 7*z + 1. Let u(k) = a*b(k) + 4*l(k). What is u(5)?
-4
Let u(f) = f - 1. Let b(g) = -2*g**2 - g + 2. Let v(n) = b(n) + 5*u(n). Let t(i) = i**3 - 10*i**2 - 11*i + 3. Let q be t(11). Give v(q).
-9
Suppose -2*o - 11 = 3. Let b(p) = p**3 + 7*p**2 - p - 1. Calculate b(o).
6
Let o(x) = 5 + 1 + 5*x + 0. Let g(c) = 2*c + 2. Let n(j) = -8*g(j) + 3*o(j). Calculate n(-4).
6
Let a(n) = n**2 + 3 - 3*n**2 + 3*n**2 + 0*n**2 - 7*n. What is a(6)?
-3
Let d(x) = x**3 - 5*x**2 + 6*x - 5. Let b = 68 - 64. Calculate d(b).
3
Let k(n) = -10*n + 7*n + n**2 + 4 - 6. Suppose 3*q - 15 = -2*q. Suppose -1 = f - q. Determine k(f).
-4
Let d(m) be the third derivative of -1/8*m**4 - 4*m**2 + 1/120*m**5 - 1/3*m**3 + 0*m + 0. Let h(t) be the first derivative of d(t). Determine h(-5).
-8
Let q(y) = 3*y - 1. Suppose